 783493. Determine b(3).
-56
Let y(f) = -2*f**2 - 25370*f + 228460. Determine y(9).
-32
Let s(d) = -16*d**2 + 374*d - 2099. Give s(14).
1
Let g(b) = b**3 + 257*b**2 - 22*b - 5668. Determine g(-257).
-14
Let o(f) = 8317*f - 2536641. Give o(305).
44
Let c(a) = -38*a**2 - 51165*a - 22858. Give c(-1346).
24
Let k(u) = 5*u**2 + 19272*u - 115884. Determine k(6).
-72
Let c(v) = -4*v**3 - 142*v**2 - 1086*v + 438. What is c(-24)?
6
Let j(d) = 8072*d - 367. What is j(0)?
-367
Let l(h) = -h**2 + 890045*h - 30260368. Calculate l(34).
6
Let g(o) = -2251*o - 9223. Give g(-4).
-219
Let u(v) = 2*v**3 + 1182*v**2 - 1163*v + 12797. Give u(-592).
365
Let d(v) = 6*v**2 + 117*v - 452. What is d(-31)?
1687
Let d(j) = 98385*j**2 + 295152*j - 11. Give d(-3).
-2
Let c(h) = -1572*h - 113006. Determine c(-72).
178
Let l(f) = -f**2 + 161011*f + 644042. Determine l(-4).
-18
Let z(y) = -y**3 + 679*y**2 + 1360*y + 6. Determine z(-2).
10
Let f(n) = 406*n**2 + 54407*n + 415. Calculate f(-134).
13
Let c(n) = -9*n**2 + 63460*n + 126929. Calculate c(-2).
-27
Let f(l) = -2*l**3 + 658*l**2 - 4530*l + 7071. Give f(322).
-13
Let b(q) = 1267*q + 126681. Calculate b(-100).
-19
Let q(m) = -3032*m - 343. Give q(0).
-343
Let h(t) = t**3 + 126*t**2 + 1005*t - 5628. What is h(-117)?
-12
Let y(s) = 1786*s + 489375. Give y(-274).
11
Let m(f) = 275738*f - 827221. Determine m(3).
-7
Let g(k) = 1437568*k + 5750280. Give g(-4).
8
Let k(n) = -3576*n + 761742. Determine k(213).
54
Let g(p) = 16*p**2 + 1261*p - 16197. Give g(13).
2900
Let f(x) = -3*x**2 - 949*x + 31685. Determine f(-347).
-239
Let s(y) = y**3 - 61*y**2 + 319*y + 610. Give s(55).
5
Let c(x) = 165*x - 6467. Calculate c(40).
133
Let d(v) = 7966*v + 199148. Determine d(-25).
-2
Let j(q) = -392*q - 6217. What is j(-16)?
55
Let v(b) = -30*b**3 + 738*b**2 - 1121*b + 52. What is v(23)?
-339
Let c(g) = -g**3 + 1343*g**2 - 8025*g - 144. What is c(6)?
-162
Let r(l) = 5970*l + 30099. Calculate r(-5).
249
Let t(x) = 3130*x - 1073591. Calculate t(343).
-1
Let t(k) = -k**3 - 7*k**2 - 8*k + 41. Determine t(-5).
31
Let j(d) = -1311*d + 5497. Determine j(4).
253
Let u(l) = 675*l + 45366. Give u(-67).
141
Let q(y) = -2*y**3 + 98*y**2 + 8181*y + 293. Give q(93).
14
Let i(v) = 53749*v + 11. Calculate i(0).
11
Let n(o) = -2*o**2 - 2495*o + 71430. What is n(28)?
2
Let h(s) = -1767650*s + 5302945. Calculate h(3).
-5
Let o(f) = -2*f**2 + 1690*f + 139984. What is o(-76)?
-8
Let d(j) = -2*j**3 - 262*j**2 - 8464*j + 303. Determine d(-73).
11
Let v(s) = 11296*s + 1886314. Determine v(-167).
-118
Let o(v) = -v**2 + 551*v - 10498. Calculate o(20).
122
Let f(a) = -10*a**2 + 2662*a - 32920. What is f(13)?
-4
Let t(q) = -280*q - 2921. Calculate t(-16).
1559
Let q(y) = 6951*y + 13598. What is q(-2)?
-304
Let f(u) = 175*u + 7641. Determine f(-45).
-234
Let n(z) = -96*z**2 + 19*z + 45. Calculate n(-3).
-876
Let z(p) = 206*p - 7895. What is z(40)?
345
Let s(m) = -m**3 - 8*m**2 - 88*m - 283. Calculate s(-4).
5
Let h(d) = 88*d**3 + 2*d**2 - 63492*d - 63494. Give h(-1).
-88
Let y(f) = 1175301*f - 9402402. What is y(8)?
6
Let w(f) = 2*f**3 - 272*f**2 + 2044*f + 40. What is w(128)?
-472
Let h(c) = -6*c**3 - 3518*c**2 - 4719*c - 22830. Calculate h(-585).
-15
Let l(s) = -3*s**2 - 108*s + 264. Determine l(-37).
153
Let t(g) = 140180*g - 1121585. Determine t(8).
-145
Let l(y) = 593*y**2 - 7092*y + 67. Calculate l(12).
355
Let a(c) = -c**2 - 396*c + 5153. What is a(13)?
-164
Let n(q) = q**3 - 4*q**2 - 220*q - 615. Calculate n(-3).
-18
Let d(y) = y**3 + 40*y**2 - 5211*y - 403. Calculate d(55).
367
Let t(a) = -a**3 - 267*a**2 + 1358*a + 10. Determine t(5).
0
Let r(u) = 4*u**3 - 17*u**2 - 2*u + 12. Calculate r(3).
-39
Let w(x) = 4*x**3 + 5*x**2 + 26*x - 84. Determine w(3).
147
Let a(o) = -98*o**3 - 4678*o**2 + 1247*o - 91. Calculate a(-48).
-43
Let x(d) = 10*d**2 - 1046*d - 3686. Determine x(108).
-14
Let z(h) = -1108*h**2 + 9958*h + 51. Calculate z(9).
-75
Let k(z) = -3*z**3 + 16*z**2 - 70*z + 139. Determine k(5).
-186
Let c(k) = 13*k**2 - 4297*k + 12880. Determine c(3).
106
Let r(y) = 4*y**3 - 65*y**2 - 587*y + 9646. Calculate r(16).
-2
Let o(m) = -m**3 + 12*m**2 + 75*m - 150. Calculate o(16).
26
Let l(j) = -5*j**2 - 38*j + 1158. Determine l(12).
-18
Let l(o) = -o**3 + 249*o**2 - 6983*o + 8783. Determine l(217).
320
Let y(q) = 50*q**3 + 1899*q**2 - 43*q - 308. Give y(-38).
-118
Let b(s) = 3*s**2 - 236*s + 4608. Give b(26).
500
Let u(i) = 241461*i - 482888. Give u(2).
34
Let l(s) = 262*s - 12191. Calculate l(46).
-139
Let d(q) = 698*q - 21436. Give d(31).
202
Let u(f) = 26*f + 994. Determine u(-4).
890
Let i(f) = 96*f**3 + 126147*f**2 + 3940*f - 2624. Determine i(-1314).
4
Let u(a) = 6695*a + 107122. What is u(-16)?
2
Let w(x) = -286853*x - 286855. Give w(-1).
-2
Let l(s) = -76*s**2 - 1346*s + 513. What is l(-18)?
117
Let a(p) = -p**2 - 12197*p + 48801. Give a(4).
-3
Let x(o) = -2531*o - 22972. Determine x(-9).
-193
Let m(o) = 653*o - 32534. Calculate m(50).
116
Let t(g) = 183541*g - 21. Give t(0).
-21
Let w(a) = -2*a**3 - 48*a**2 - 291*a + 12. Give w(-9).
201
Let l(i) = 447*i + 22801. Determine l(-51).
4
Let v(b) = -4*b**2 - 411*b + 4286. Determine v(-125).
-6839
Let c(r) = -8876*r + 1677558. Calculate c(189).
-6
Let o(w) = -2*w**3 + 249*w**2 - 137*w + 875. Determine o(124).
-737
Let s(q) = 31*q**3 - 98*q**2 - 65*q + 252. Calculate s(3).
12
Let d(r) = -448017*r + 1792095. What is d(4)?
27
Let g(a) = -a**3 + 132*a**2 + 1632*a + 16. Determine g(-12).
1168
Let b(o) = o**3 + 41*o**2 + 1442*o + 47864. Determine b(-37).
-14
Let v(n) = 47*n**2 - 5887*n + 1516. Determine v(125).
16
Let r(k) = -10618*k + 169912. Give r(16).
24
Let f(z) = z**3 + 33*z**2 - 123*z - 13. Give f(-38).
-2559
Let f(m) = -15*m**3 + 3*m**2 - 11*m - 19. What is f(3)?
-430
Let j(c) = -9*c + 29. Determine j(0).
29
Let z(k) = -45903*k - 39797906. Calculate z(-867).
-5
Let i(c) = -3*c**3 - 365*c**2 + 143*c + 2382. Calculate i(-122).
-180
Let w(r) = -r**3 - 15*r**2 + 131*r + 1104. Determine w(-20).
484
Let i(q) = q**3 - 28*q**2 - 33*q + 403. Calculate i(29).
287
Let t(h) = -20*h**2 + 2489*h + 38. What is t(124)?
1154
Let d(x) = -30*x**2 + 10030*x - 30104. What is d(3)?
-284
Let i(c) = 29*c + 1669. Give i(-10).
1379
Let d(z) = 98*z**2 + 1990*z + 7969. Determine d(-4).
1577
Let t(y) = 123289*y + 123291. Determine t(-1).
2
Let m(w) = -w**2 + 514*w + 119780. What is m(-175)?
-795
Let g(s) = 4*s**3 - 165*s**2 + 44*s - 142. What is g(41)?
-19
Let v(k) = -k**2 - 1692*k - 388545. Determine v(-274).
-13
Let x(n) = 6*n**3 - 241*n**2 - 211*n + 263. Calculate x(41).
17
Let w(p) = -130359*p + 651782. Calculate w(5).
-13
Let z(f) = -4603*f + 87462. Calculate z(19).
5
Let t(h) = -17876*h - 160978. What is t(-9)?
-94
Let v(b) = -371*b - 81753. Calculate v(-218).
-875
Let b(p) = 913*p + 155280. Give b(-170).
70
Let t(c) = 27685*c + 387967. What is t(-14)?
377
Let o(v) = 5*v**2 + 95*v - 2629. Give o(-35).
171
Let q(h) = 1865*h + 41444. What is q(-21)?
2279
Let g(z) = -z**3 + 10*z**2 - 188*z + 1538. Give g(9).
-73
Let f(d) = -14078*d - 957313. What is f(-68)?
-9
Let l(s) = -84315*s - 252931. What is l(-3)?
14
Let d(h) = -h**3 - 59*h**2 - 305*h + 654. Calculate d(-53).
-35
Let d(b) = 3*b**3 - 24*b**2 + 184*b - 594. What is d(7)?
547
Let m(r) = -12*r**2 - 716*r + 1115. What is m(-61)?
139
Let a(o) = 16*o**2 + 376*o - 6738. Determine a(12).
78
Let n(h) = -28*h**3 - 2170*h**2 + 1092*h + 7. What is n(-78)?
7
Let s(u) = 8299*u - 3709641. Determine s(447).
12
Let k(d) = -31*d**2 - 1042*d + 15931. Determine k(-45).
46
Let n(u) = 2*u**2 + 14*u - 857. Give n(-23).
-121
Let k(v) = -6*v**3 + 1618*v**2 + 1651*v + 33. Calculate k(-1).
6
Let m(a) = -18*a**2 + 5741*a + 4. Calculate m(319).
-315
Let k(y) = 630762*y - 1892264. What is k(3)?
22
Let a(z) = 3*z**3 + 25*z**2 + 13*z + 129. Give a(-10).
-501
Let d(s) = -11*s**2 + 255*s - 1624. Determine d(15).
-274
Let n(b) = -2318*b - 718506. What is n(-310)?
74
Let m(k) = -6*k**3 - 1626*k**2 + 22151*k - 294. Determine m(-284).
-10
Let t(a) = a**2 + 1064788*a - 14907230. Determine t(14).
-2
Let g(s) = 12*s**2 - 919*s - 3225. Give g(80).
55
Let v(d) = 2610*d - 2520. Determine v(1).
90
Let x(j) = -292*j - 24842. What is x(-86)?
270
Let v(n) = -12*n**3 - 111*n**2 - 220*n - 13. Calculate v(-2).
79
Let y(o) = -4